{"id":7,"date":"2023-08-31T16:34:35","date_gmt":"2023-08-31T16:34:35","guid":{"rendered":"https:\/\/stim.rs\/srb\/?page_id=7"},"modified":"2023-08-31T16:55:39","modified_gmt":"2023-08-31T16:55:39","slug":"o-nama","status":"publish","type":"page","link":"https:\/\/stim.rs\/srb\/?page_id=7","title":{"rendered":"O Nama"},"content":{"rendered":"\n<div class=\"slider-wrapper relative\" id=\"slider-1382607484\" >\n    <div class=\"slider slider-nav-circle slider-nav-large slider-nav-light slider-style-normal\"\n        data-flickity-options='{\n            \"cellAlign\": \"center\",\n            \"imagesLoaded\": true,\n            \"lazyLoad\": 1,\n            \"freeScroll\": false,\n            \"wrapAround\": true,\n            \"autoPlay\": 6000,\n            \"pauseAutoPlayOnHover\" : true,\n            \"prevNextButtons\": true,\n            \"contain\" : true,\n            \"adaptiveHeight\" : true,\n            \"dragThreshold\" : 10,\n            \"percentPosition\": true,\n            \"pageDots\": true,\n            \"rightToLeft\": false,\n            \"draggable\": true,\n            \"selectedAttraction\": 0.1,\n            \"parallax\" : 0,\n            \"friction\": 0.6        }'\n        >\n        \n\n\n  <div class=\"banner has-hover\" id=\"banner-351885421\">\n          <div class=\"banner-inner fill\">\n        <div class=\"banner-bg fill\" >\n            <div class=\"bg fill bg-fill \"><\/div>\n                        <div class=\"overlay\"><\/div>            \n                    <\/div>\n\t\t\n        <div class=\"banner-layers container\">\n            <div class=\"fill banner-link\"><\/div>            \n\n   <div id=\"text-box-1148440734\" class=\"text-box banner-layer x5 md-x5 lg-x5 y95 md-y50 lg-y50 res-text\">\n                                <div class=\"text-box-content text box-shadow-1\">\n              \n              <div class=\"text-inner text-left\">\n                  \n\n<h6>Ko smo mi<\/h6>\n<h3 class=\"uppercase\">kako je sve Po\u010delo<\/h3>\n<p>put ka uspehu&#8230;<\/p>\n\n              <\/div>\n           <\/div>\n                            \n<style>\n#text-box-1148440734 .text-box-content {\n  background-color: rgba(255, 255, 255, 0.94);\n  font-size: 100%;\n}\n#text-box-1148440734 .text-inner {\n  padding: 30px 30px 30px 30px;\n}\n#text-box-1148440734 {\n  width: 90%;\n}\n@media (min-width:550px) {\n  #text-box-1148440734 {\n    width: 44%;\n  }\n}\n<\/style>\n    <\/div>\n \n\n        <\/div>\n      <\/div>\n\n            \n<style>\n#banner-351885421 {\n  padding-top: 637px;\n  background-color: rgb(68, 96, 132);\n}\n#banner-351885421 .bg.bg-loaded {\n  background-image: url(https:\/\/stim.rs\/srb\/wp-content\/uploads\/2023\/08\/960x0.jpg);\n}\n#banner-351885421 .overlay {\n  background-color: rgba(68, 96, 132, 0.302);\n}\n#banner-351885421 .bg {\n  background-position: 62% 60%;\n}\n#banner-351885421 .ux-shape-divider--top svg {\n  height: 150px;\n  --divider-top-width: 100%;\n}\n#banner-351885421 .ux-shape-divider--bottom svg {\n  height: 150px;\n  --divider-width: 100%;\n}\n<\/style>\n  <\/div>\n\n\n\n     <\/div>\n\n     <div class=\"loading-spin dark large centered\"><\/div>\n\n     \t<\/div>\n\n\n\t<section class=\"section\" id=\"section_950128587\">\n\t\t<div class=\"bg section-bg fill bg-fill  bg-loaded\" >\n\n\t\t\t\n\t\t\t<div class=\"section-bg-overlay absolute fill\"><\/div>\n\t\t\t\n\t<div class=\"is-border\"\n\t\tstyle=\"border-width:1px 0px 1px 0px;\">\n\t<\/div>\n\n\t\t<\/div>\n\n\t\t\n\n\t\t<div class=\"section-content relative\">\n\t\t\t\n\n<div class=\"row row-large align-middle\"  id=\"row-1446733023\">\n\n\n\t<div id=\"col-1672800217\" class=\"col medium-6 small-12 large-6\"  >\n\t\t\t\t<div class=\"col-inner\"  >\n\t\t\t\n\t\t\t\n\n<h2 class=\"uppercase\">O Nama<\/h2>\n<p>STIM se obavezuje da zadr\u017ei profesionalnu poziciju u veleprodajnom poslovanju, pru\u017eaju\u0107i veliki broj usluga u lancu snabdevanja farmaceutskim proizvodima i slu\u017ee\u0107i kao promotor zdravstvene za\u0161tite za populaciju. To posti\u017ee kontinuiranim pra\u0107enjem i pove\u0107anjem produktivnosti procesa, inovacijama u poslovnim operacijama i neprestanim unapre\u0111enjem kvaliteta usluga, o\u010duvanjem kontinuiteta poslovanja, sistema za\u0161tite \u017eivotne sredine i bezbednosti i zdravlja na radu.<\/p>\n<p><strong>TR\u017dI\u0160NA ORIJENTACIJA<\/strong> Kompanija je tr\u017ei\u0161no orijentisana i zavisi od dobrih odnosa s poslovnim partnerima, obuke zaposlenih, stvaranja novih ideja i poslovne vizije.<\/p>\n\t<div class=\"img has-hover x md-x lg-x y md-y lg-y\" id=\"image_466283043\">\n\t\t\t\t\t\t\t\t<div class=\"img-inner box-shadow-2 dark\" >\n\t\t\t\t\t\t\t\t\t\n\t\t\t\t\t<\/div>\n\t\t\t\t\t\t\t\t\n<style>\n#image_466283043 {\n  width: 100%;\n}\n<\/style>\n\t<\/div>\n\t\n\n\n\t\t<\/div>\n\t\t\t\t\t<\/div>\n\n\t\n\n\t<div id=\"col-292953824\" class=\"col medium-6 small-12 large-6\"  >\n\t\t\t\t<div class=\"col-inner text-left\"  >\n\t\t\t\n\t\t\t\n\n<h2 class=\"uppercase\">kako je sve po\u010delo<\/h2>\n<p>STIM je osnovan 2000. godine kao privatna firma sa 100% doma\u0107im kapitalom od trenutka svog prisustva na tr\u017ei\u0161tu, prete\u017eno snabdevaju\u0107i dr\u017eavne i privatne zdravstvene ustanove lekovima i medicinskim ure\u0111ajima.<\/p>\n<p>Stalna briga o odnosima sa poslovnim partnerima, profesionalni razvoj zaposlenih, kreiranje novih ideja i poslovnih vizija stvorili su kompaniju koja je prepoznata na doma\u0107em i inostranom tr\u017ei\u0161tu.<\/p>\n<p>STIM je sada punopravni \u010dlan Grupe veletrgovaca pri Privrednoj komori Srbije, preko koje je \u010dlan Evropske grupe veletrgovaca GIRP.<\/p>\n<p>\u00a0<\/p>\n\n\t\t<\/div>\n\t\t\t\t\t<\/div>\n\n\t\n\n<\/div>\n\n\t\t<\/div>\n\n\t\t\n<style>\n#section_950128587 {\n  padding-top: 60px;\n  padding-bottom: 60px;\n  background-color: rgb(193, 193, 193);\n}\n#section_950128587 .section-bg-overlay {\n  background-color: rgba(255, 255, 255, 0.85);\n}\n#section_950128587 .ux-shape-divider--top svg {\n  height: 150px;\n  --divider-top-width: 100%;\n}\n#section_950128587 .ux-shape-divider--bottom svg {\n  height: 150px;\n  --divider-width: 100%;\n}\n<\/style>\n\t<\/section>\n\t\n\t<section class=\"section\" id=\"section_477770223\">\n\t\t<div class=\"bg section-bg fill bg-fill  bg-loaded\" >\n\n\t\t\t\n\t\t\t<div class=\"section-bg-overlay absolute fill\"><\/div>\n\t\t\t\n\n\t\t<\/div>\n\n\t\t\n\n\t\t<div class=\"section-content relative\">\n\t\t\t\n\n<div class=\"row row-large align-middle\"  id=\"row-1553041650\">\n\n\n\t<div id=\"col-836491586\" class=\"col medium-6 small-12 large-6\"  >\n\t\t\t\t<div class=\"col-inner text-left\"  >\n\t\t\t\n\t\t\t\n\n<h1>MISIJA I VIZIJA<\/h1>\n<p>Na\u0161a misija je unapre\u0111enje funkcionisanja zdravstvenog sistema Republike Srbije, podi\u017eu\u0107i uspeh na\u0161ih klijenata na vi\u0161i nivo, pravovremeno i adekvatno ispunjavaju\u0107i njihove potrebe na efikasan i ekonomi\u010dan na\u010din i to uz me\u0111usobno zadovoljstvo.<\/p>\n<p>Na\u0161a vizija je da, kao pouzdan i profesionalni partner, razvijamo partnerstva prate\u0107i strategiju ispunjavanja potreba dobavlja\u010da i kupaca.<\/p>\n\n\t\t<\/div>\n\t\t\t\t\t<\/div>\n\n\t\n\n\t<div id=\"col-1247250861\" class=\"col medium-6 small-12 large-6\"  >\n\t\t\t\t<div class=\"col-inner\"  >\n\t\t\t\n\t\t\t\n\n\n  <div class=\"banner has-hover\" id=\"banner-978472316\">\n          <div class=\"banner-inner fill\">\n        <div class=\"banner-bg fill\" >\n            <div class=\"bg fill bg-fill \"><\/div>\n                                    \n                    <\/div>\n\t\t\n        <div class=\"banner-layers container\">\n            <div class=\"fill banner-link\"><\/div>            \n\n   <div id=\"text-box-628426815\" class=\"text-box banner-layer x50 md-x50 lg-x50 y50 md-y50 lg-y50 res-text\">\n                                <div class=\"text-box-content text dark\">\n              \n              <div class=\"text-inner text-center\">\n                  \n\n\n              <\/div>\n           <\/div>\n                            \n<style>\n#text-box-628426815 {\n  width: 60%;\n}\n#text-box-628426815 .text-box-content {\n  font-size: 100%;\n}\n<\/style>\n    <\/div>\n \n\n        <\/div>\n      <\/div>\n\n            \n<style>\n#banner-978472316 {\n  padding-top: 282px;\n}\n#banner-978472316 .bg.bg-loaded {\n  background-image: url(https:\/\/stim.rs\/srb\/wp-content\/uploads\/2023\/08\/mission-1024x683.jpeg);\n}\n#banner-978472316 .ux-shape-divider--top svg {\n  height: 150px;\n  --divider-top-width: 100%;\n}\n#banner-978472316 .ux-shape-divider--bottom svg {\n  height: 150px;\n  --divider-width: 100%;\n}\n<\/style>\n  <\/div>\n\n\n\t<div class=\"img has-hover x md-x lg-x y md-y lg-y\" id=\"image_1671571274\">\n\t\t\t\t\t\t\t\t<div class=\"img-inner box-shadow-2 dark\" >\n\t\t\t\t\t\t\t\t\t\n\t\t\t\t\t<\/div>\n\t\t\t\t\t\t\t\t\n<style>\n#image_1671571274 {\n  width: 100%;\n}\n<\/style>\n\t<\/div>\n\t\n\n\n\t\t<\/div>\n\t\t\t\t\t<\/div>\n\n\t\n\n<\/div>\n\n\t\t<\/div>\n\n\t\t\n<style>\n#section_477770223 {\n  padding-top: 60px;\n  padding-bottom: 60px;\n  background-color: rgb(255, 255, 255);\n}\n#section_477770223 .section-bg-overlay {\n  background-color: rgba(255, 255, 255, 0.85);\n}\n#section_477770223 .ux-shape-divider--top svg {\n  height: 150px;\n  --divider-top-width: 100%;\n}\n#section_477770223 .ux-shape-divider--bottom svg {\n  height: 150px;\n  --divider-width: 100%;\n}\n<\/style>\n\t<\/section>\n\t\n\t<section class=\"section\" id=\"section_1613390564\">\n\t\t<div class=\"bg section-bg fill bg-fill  bg-loaded\" >\n\n\t\t\t\n\t\t\t\n\t\t\t\n\t<div class=\"is-border\"\n\t\tstyle=\"border-width:1px 0px 1px 0px;\">\n\t<\/div>\n\n\t\t<\/div>\n\n\t\t\n\n\t\t<div class=\"section-content relative\">\n\t\t\t\n\n<div class=\"row align-equal\"  id=\"row-160057056\">\n\n\n\t<div id=\"col-439902769\" class=\"col medium-6 small-12 large-6\"  >\n\t\t\t\t<div class=\"col-inner\"  >\n\t\t\t\n\t\t\t\n\n<h2 class=\"uppercase\">CILJEVI I PRIORITETI<\/h2>\n<p><strong>Pouzdan<\/strong> poslovni saradnik svim na\u0161im partnerima (proizvo\u0111a\u010dima, dobavlja\u010dima, podizvo\u0111a\u010dima, kupcima i klijentima), pru\u017eiti kvalitetnu logisti\u010dku podr\u0161ku, pravovremenu i kontinuiranu distribuciju \u0161irokog spektra lekova, medicinskih ure\u0111aja, farmaceutskih supstanci, hemikalija i biocida.<\/p>\n<p><strong>Usagla\u0161eni<\/strong> sa relevantnim doma\u0107im i me\u0111unarodnim propisima u oblasti distribucije u veleprodajnom poslovanju, bezbednosti i za\u0161titi zdravlja na radu, za\u0161titi \u017eivotne sredine i obavezama navedenim u ugovorima sa partnerima. Proaktivni u otkrivanju potencijalnih rizika koji mogu naru\u0161iti sistem kvaliteta ili kontinuitet poslovanja, dovesti do ekolo\u0161kih problema, rizika na radu i ugro\u017eavanja zdravlja. Preventivni pristup prema za\u0161titi \u017eivotne sredine, ponovnom razmatranju procesa koje upravljamo, posebno onih koji dovode do generisanja otpada i uti\u010du na emisije u \u017eivotnoj sredini.<\/p>\n\n\t\t<\/div>\n\t\t\t\t\t<\/div>\n\n\t\n\n\t<div id=\"col-540742576\" class=\"col medium-6 small-12 large-6\"  >\n\t\t\t\t<div class=\"col-inner\"  >\n\t\t\t\n\t\t\t\n\n<p><strong>Posve\u0107eni<\/strong> kontinuiranom unapre\u0111enju integrisanog sistema upravljanja i zadr\u017eavanju statusa prvog izbora za kupce i klijente, posti\u017eemo realnim ciljevima i pra\u0107enjem njihove realizacije.<\/p>\n<p><strong>Usmereni<\/strong> na razvoj individualnih ve\u0161tina, potencijala i motivacije zaposlenih kako bismo pobolj\u0161ali usluge koje pru\u017eamo na\u0161im klijentima. Ciljano unapre\u0111enje zaposlenih u svim oblastima ne samo da podsti\u010de pojedince, ve\u0107 istovremeno osigurava uspe\u0161an razvoj \u010ditave kompanije.<\/p>\n<p>Svi zaposleni u Stim prepoznaju svoju odgovornost u upravlja\u010dkim sistemima i daju svoj doprinos odr\u017eavanju kvaliteta proizvoda, neprestanom pobolj\u0161anju kvaliteta usluge, za\u0161titi \u017eivotne sredine, kao i zdravlju i bezbednosti na radnom mestu.<\/p>\n\n\t\t<\/div>\n\t\t\t\t\t<\/div>\n\n\t\n\n<\/div>\n\n\t\t<\/div>\n\n\t\t\n<style>\n#section_1613390564 {\n  padding-top: 43px;\n  padding-bottom: 43px;\n  min-height: 276px;\n  background-color: rgb(241, 241, 241);\n}\n#section_1613390564 .ux-shape-divider--top svg {\n  height: 150px;\n  --divider-top-width: 100%;\n}\n#section_1613390564 .ux-shape-divider--bottom svg {\n  height: 150px;\n  --divider-width: 100%;\n}\n<\/style>\n\t<\/section>\n\t\n\t<section class=\"section\" id=\"section_1227805594\">\n\t\t<div class=\"bg section-bg fill bg-fill  bg-loaded\" >\n\n\t\t\t\n\t\t\t<div class=\"section-bg-overlay absolute fill\"><\/div>\n\t\t\t\n\n\t\t<\/div>\n\n\t\t\n\n\t\t<div class=\"section-content relative\">\n\t\t\t\n\n<div class=\"row row-large align-middle\"  id=\"row-655997507\">\n\n\n\t<div id=\"col-58644449\" class=\"col medium-6 small-12 large-6\"  >\n\t\t\t\t<div class=\"col-inner text-left\"  >\n\t\t\t\n\t\t\t\n\n<h1>NA\u0160 TIM<\/h1>\n<p>Se sastoji od stalno zaposlenih, profesionalnih i motivisanih ljudi koji svojim znanjem i odgovornim radom doprinose ekonomskom rastu, razvoju i ja\u010danju reputacije kompanije na doma\u0107em i stranim tr\u017ei\u0161tima.<\/p>\n<p>Investiraju\u0107i u znanje kroz internu i eksternu obuku zaposlenih, i kroz mnogo godina rada na raznim projektima, stekli smo zna\u010dajno iskustvo u oblasti logistike, operativnog i strate\u0161kog planiranja, ispunjavaju\u0107i zahteve brojnih klijenata s kojima nastavljamo na\u0161u saradnju ve\u0107 godinama.<\/p>\n\n\t\t<\/div>\n\t\t\t\t\t<\/div>\n\n\t\n\n\t<div id=\"col-1211172302\" class=\"col medium-6 small-12 large-6\"  >\n\t\t\t\t<div class=\"col-inner\"  >\n\t\t\t\n\t\t\t\n\n<h1>MENAD\u017dMENT<\/h1>\n<p>U STIM-u, na\u0161 uspeh se pripisuje vizionarskom vo\u0111stvu i strate\u0161kom vo\u0111stvu koje pru\u017eaju na\u0161i izvr\u0161ni direktori, Biljana Stevanovi\u0107 i Uro\u0161 Stevanovi\u0107. Njihovo zajedni\u010dko stru\u010dno znanje, posve\u0107enost i inovativan pristup su bili klju\u010dni u vo\u0111enju rasta kompanije i uspostavljanju njenog ugleda kao lidera u industriji.<\/p>\n<p>\u00a0<\/p>\n<p>\u00a0<\/p>\n\t<div class=\"img has-hover x md-x lg-x y md-y lg-y\" id=\"image_1829281148\">\n\t\t\t\t\t\t\t\t<div class=\"img-inner box-shadow-2 dark\" >\n\t\t\t\t\t\t\t\t\t\n\t\t\t\t\t<\/div>\n\t\t\t\t\t\t\t\t\n<style>\n#image_1829281148 {\n  width: 100%;\n}\n<\/style>\n\t<\/div>\n\t\n\n\n\t\t<\/div>\n\t\t\t\t\t<\/div>\n\n\t\n\n<\/div>\n\n\t\t<\/div>\n\n\t\t\n<style>\n#section_1227805594 {\n  padding-top: 60px;\n  padding-bottom: 60px;\n  background-color: rgb(255, 255, 255);\n}\n#section_1227805594 .section-bg-overlay {\n  background-color: rgba(255, 255, 255, 0.85);\n}\n#section_1227805594 .ux-shape-divider--top svg {\n  height: 150px;\n  --divider-top-width: 100%;\n}\n#section_1227805594 .ux-shape-divider--bottom svg {\n  height: 150px;\n  --divider-width: 100%;\n}\n<\/style>\n\t<\/section>\n\t\n\n","protected":false},"excerpt":{"rendered":"","protected":false},"author":1,"featured_media":0,"parent":0,"menu_order":0,"comment_status":"closed","ping_status":"closed","template":"page-blank.php","meta":{"footnotes":""},"class_list":["post-7","page","type-page","status-publish","hentry"],"_links":{"self":[{"href":"https:\/\/stim.rs\/srb\/index.php?rest_route=\/wp\/v2\/pages\/7","targetHints":{"allow":["GET"]}}],"collection":[{"href":"https:\/\/stim.rs\/srb\/index.php?rest_route=\/wp\/v2\/pages"}],"about":[{"href":"https:\/\/stim.rs\/srb\/index.php?rest_route=\/wp\/v2\/types\/page"}],"author":[{"embeddable":true,"href":"https:\/\/stim.rs\/srb\/index.php?rest_route=\/wp\/v2\/users\/1"}],"replies":[{"embeddable":true,"href":"https:\/\/stim.rs\/srb\/index.php?rest_route=%2Fwp%2Fv2%2Fcomments&post=7"}],"version-history":[{"count":5,"href":"https:\/\/stim.rs\/srb\/index.php?rest_route=\/wp\/v2\/pages\/7\/revisions"}],"predecessor-version":[{"id":18,"href":"https:\/\/stim.rs\/srb\/index.php?rest_route=\/wp\/v2\/pages\/7\/revisions\/18"}],"wp:attachment":[{"href":"https:\/\/stim.rs\/srb\/index.php?rest_route=%2Fwp%2Fv2%2Fmedia&parent=7"}],"curies":[{"name":"wp","href":"https:\/\/api.w.org\/{rel}","templated":true}]}}