{"id":46,"date":"2023-09-01T07:55:34","date_gmt":"2023-09-01T07:55:34","guid":{"rendered":"https:\/\/stim.rs\/srb\/?page_id=46"},"modified":"2023-09-07T12:06:35","modified_gmt":"2023-09-07T12:06:35","slug":"usluge","status":"publish","type":"page","link":"https:\/\/stim.rs\/srb\/?page_id=46","title":{"rendered":"Usluge"},"content":{"rendered":"\n\n  <div class=\"banner has-hover\" id=\"banner-1780886801\">\n          <div class=\"banner-inner fill\">\n        <div class=\"banner-bg fill\" >\n            <div class=\"bg fill bg-fill \"><\/div>\n                        <div class=\"overlay\"><\/div>            \n                    <\/div>\n\t\t\n        <div class=\"banner-layers container\">\n            <div class=\"fill banner-link\"><\/div>            \n\n   <div id=\"text-box-794088139\" class=\"text-box banner-layer x5 md-x5 lg-x5 y50 md-y50 lg-y50 res-text\">\n                                <div class=\"text-box-content text dark\">\n              \n              <div class=\"text-inner text-center\">\n                  \n\n<h3 class=\"uppercase\"><strong>VA\u0160 POSLOVNI PARTNER U LANCU SNABDEVANJA FARMACEUTSKIM PROIZVODIMA<\/strong><\/h3>\n\n              <\/div>\n           <\/div>\n                            \n<style>\n#text-box-794088139 {\n  width: 39%;\n}\n#text-box-794088139 .text-box-content {\n  font-size: 100%;\n}\n<\/style>\n    <\/div>\n \n\n        <\/div>\n      <\/div>\n\n            \n<style>\n#banner-1780886801 {\n  padding-top: 500px;\n}\n#banner-1780886801 .bg.bg-loaded {\n  background-image: url(https:\/\/stim.rs\/srb\/wp-content\/uploads\/2023\/09\/Kushtrim-Cernobegu-Quality-Control-in-Pharmaceutical-Industry-1024x640.png);\n}\n#banner-1780886801 .overlay {\n  background-color: rgba(68, 96, 132, 0.256);\n}\n#banner-1780886801 .ux-shape-divider--top svg {\n  height: 150px;\n  --divider-top-width: 100%;\n}\n#banner-1780886801 .ux-shape-divider--bottom svg {\n  height: 150px;\n  --divider-width: 100%;\n}\n<\/style>\n  <\/div>\n\n\n\t<div id=\"gap-961022714\" class=\"gap-element clearfix\" style=\"display:block; height:auto;\">\n\t\t\n<style>\n#gap-961022714 {\n  padding-top: 30px;\n}\n<\/style>\n\t<\/div>\n\t\n\n<p>Na\u0161 poslovni princip i moto su da se CRO i \u010dlanovi istra\u017eiva\u010dkog tima oslobode administrativnih i logisti\u010dkih zadataka koliko god je to mogu\u0107e, tako \u0161to \u0107e ih poveriti nama kako bi se mogli posvetiti istra\u017eiva\u010dkom procesu, i da tok istra\u017eivanja te\u010de glatko.<\/p>\n<p>Prilikom organizacije i pru\u017eanja usluga, potpuno smo prilago\u0111eni svim specifi\u010dnim zahtevima partnera, uzimaju\u0107i u obzir da se sve radnje i aktivnosti sprovode kako bi se u potpunosti obezbedila kvalitet celokupnog lanca distribucije IMP-a, komparatora ili podr\u0161ke terapije, medicinskih ure\u0111aja, opreme, pomo\u0107nih sredstava i drugih materijala od proizvo\u0111a\u010da do lokacija.<\/p>\n<p>Ovaj proces je vrlo izazovan zbog specifi\u010dnih zahteva lokalnih propisa tokom procesa dobijanja dozvola za uvoz\/izvoz, carinskog razdu\u017eenja i uvoza. Kroz zna\u010dajno iskustvo u ovom tipu usluga i saradnju sa mnogim priznatim svetskim proizvo\u0111a\u010dima, sponzorima, lokalnim i me\u0111unarodnim stru\u010dnjacima, stekli smo obimno znanje, iskustvo i kontakte, \u0161to nam omogu\u0107ava brzo postizanje visokokvalitetnog i jednostavnog ispunjenja zahteva na\u0161ih partnera. Kroz stalna unapre\u0111enja, uspe\u0161no smo izveli veliki broj revizija doma\u0107ih i stranih kompanija, gde smo ocenjeni kao kompanija sa vrlo visokim ocenama kroz aspekte ispunjavanja zahteva za kvalitetom, definisanih klju\u010dnih performans indikatora, zakonskih regulativa, smernica dobre prakse i implementiranih standarda.<\/p>\n<p>Kao pouzdani saradnici, odgovorno omogu\u0107avamo da se svi istra\u017eivani proizvodi i drugi materijali unutar klini\u010dkog istra\u017eivanja brzo, efikasno i sigurno dostave na svaku lokaciju u skladu sa zahtevanim uslovima transporta.<\/p>\n<p>Na\u0161 glavni cilj je pru\u017eanje na\u0161im partnerima najefikasniju logisti\u010dku podr\u0161ku i optimalno upravljanje lancem snabdevanja.<\/p>\n<div class=\"row\"  id=\"row-1996986727\">\n\n\n\t<div id=\"col-1926604890\" class=\"col medium-6 small-12 large-6\"  >\n\t\t\t\t<div class=\"col-inner\"  >\n\t\t\t\n\t\t\t\n\n\n\t\t<div class=\"icon-box featured-box icon-box-top text-left\"  >\n\t\t\t\t\t<div class=\"icon-box-img\" style=\"width: 60px\">\n\t\t\t\t<div class=\"icon\">\n\t\t\t\t\t<div class=\"icon-inner\" >\n\t\t\t\t\t\t<img loading=\"lazy\" decoding=\"async\" width=\"300\" height=\"300\" src=\"https:\/\/stim.rs\/srb\/wp-content\/uploads\/2023\/09\/support-300x300.png\" class=\"attachment-medium size-medium\" alt=\"\" srcset=\"https:\/\/stim.rs\/srb\/wp-content\/uploads\/2023\/09\/support-300x300.png 300w, https:\/\/stim.rs\/srb\/wp-content\/uploads\/2023\/09\/support-150x150.png 150w, https:\/\/stim.rs\/srb\/wp-content\/uploads\/2023\/09\/support.png 512w\" sizes=\"auto, (max-width: 300px) 100vw, 300px\" \/>\t\t\t\t\t<\/div>\n\t\t\t\t<\/div>\n\t\t\t<\/div>\n\t\t\t\t<div class=\"icon-box-text last-reset\">\n\t\t\t\t\t\t\t\t\t\n\n<h3>Usluge podr\u0161ke<\/h3>\n<p>Usluge podr\u0161ke Podr\u0161ka klini\u010dkim ispitivanjima uklju\u010duje dobijanje dozvola za uvoz i izvoz u svrhu klini\u010dkih studija, uvoz, izvoz, nabavku, skladi\u0161tenje i distribuciju lekova i medicinskih ure\u0111aja u okviru klini\u010dkih studija, kao i organizaciju uni\u0161tavanja medicinskog otpada putem podizvo\u0111a\u010da.<\/p>\n<ul>\n<li>Regulatorne usluge<\/li>\n<li>Obezbe\u0111ivanje uvoza lekova za klini\u010dka ispitivanja, IMP-a, medicinskih ure\u0111aja, laboratorijske opreme, opreme i drugih potrebnih proizvoda<\/li>\n<li>Dobijanje dozvola za izvoz biolo\u0161kih uzoraka<\/li>\n<li>Carinsko razdu\u017eenje i usluge uvoza i izvoza svih proizvoda u skladu sa potrebama klini\u010dke studije<\/li>\n<li>Lokalna nabavka i distribucija dopunskih i uporednih lekova i drugih proizvoda prema zahtevu klijenta<\/li>\n<li>Potpuno upravljanje dokumentacijom, arhiviranjem i izve\u0161tavanjem<\/li>\n<\/ul>\n\n\t\t<\/div>\n\t<\/div>\n\t\n\t\n\n\t\t<\/div>\n\t\t\t\t\t<\/div>\n\n\t\n\n\t<div id=\"col-605443449\" class=\"col medium-6 small-12 large-6\"  >\n\t\t\t\t<div class=\"col-inner\"  >\n\t\t\t\n\t\t\t\n\n\n\t\t<div class=\"icon-box featured-box icon-box-top text-left\"  >\n\t\t\t\t\t<div class=\"icon-box-img\" style=\"width: 60px\">\n\t\t\t\t<div class=\"icon\">\n\t\t\t\t\t<div class=\"icon-inner\" >\n\t\t\t\t\t\t<img loading=\"lazy\" decoding=\"async\" width=\"300\" height=\"300\" src=\"https:\/\/stim.rs\/srb\/wp-content\/uploads\/2023\/09\/truck_664468-300x300.png\" class=\"attachment-medium size-medium\" alt=\"\" srcset=\"https:\/\/stim.rs\/srb\/wp-content\/uploads\/2023\/09\/truck_664468-300x300.png 300w, https:\/\/stim.rs\/srb\/wp-content\/uploads\/2023\/09\/truck_664468-150x150.png 150w, https:\/\/stim.rs\/srb\/wp-content\/uploads\/2023\/09\/truck_664468.png 512w\" sizes=\"auto, (max-width: 300px) 100vw, 300px\" \/>\t\t\t\t\t<\/div>\n\t\t\t\t<\/div>\n\t\t\t<\/div>\n\t\t\t\t<div class=\"icon-box-text last-reset\">\n\t\t\t\t\t\t\t\t\t\n\n<h3>Usluge distribucije<\/h3>\n<p>Nasa flota trenutno ima \u0161est vozila, pet opremljenih termo komorom za re\u017eime 2-8 i 15-25 i jedno za ambijentalni re\u017eim sa prenosivim fri\u017eiderom.<\/p>\n<ul>\n<li>Dnevna distribucija po\u0161iljki do odredi\u0161ta u odgovaraju\u0107im vozilima i pod uslovima temperature (uslovi okoline \/ kontrolisani uslovi \/ re\u017eim hladnog lanca)<\/li>\n<li>Prilikom dostave ili preuzimanja po\u0161iljki sa odredi\u0161ta obezbe\u0111uje se potrebna dokumentacija &#8211; otpremnica\/prijemnica<\/li>\n<li>Prikupljanje lekova\/medicinskih ure\u0111aja i drugih proizvoda sa odredi\u0161ta po zahtevu klijenta<\/li>\n<li>Povrat lekova sa odredi\u0161ta i koordinacija trajnog odlaganja farmaceutskog otpada, obezbe\u0111ivanje potpune dokumentacije o traganju i kona\u010dne potvrde o uni\u0161tenju<\/li>\n<\/ul>\n\n\t\t<\/div>\n\t<\/div>\n\t\n\t\n\n\t\t<\/div>\n\t\t\t\t\t<\/div>\n\n\t\n\n<\/div>\n<div class=\"row\"  id=\"row-1238792341\">\n\n\n\t<div id=\"col-176779085\" class=\"col medium-6 small-12 large-6\"  >\n\t\t\t\t<div class=\"col-inner\"  >\n\t\t\t\n\t\t\t\n\n\n\t\t<div class=\"icon-box featured-box icon-box-top text-left\"  >\n\t\t\t\t\t<div class=\"icon-box-img\" style=\"width: 60px\">\n\t\t\t\t<div class=\"icon\">\n\t\t\t\t\t<div class=\"icon-inner\" >\n\t\t\t\t\t\t<img loading=\"lazy\" decoding=\"async\" width=\"300\" height=\"300\" src=\"https:\/\/stim.rs\/srb\/wp-content\/uploads\/2023\/09\/user_792576-300x300.png\" class=\"attachment-medium size-medium\" alt=\"\" srcset=\"https:\/\/stim.rs\/srb\/wp-content\/uploads\/2023\/09\/user_792576-300x300.png 300w, https:\/\/stim.rs\/srb\/wp-content\/uploads\/2023\/09\/user_792576-150x150.png 150w, https:\/\/stim.rs\/srb\/wp-content\/uploads\/2023\/09\/user_792576.png 512w\" sizes=\"auto, (max-width: 300px) 100vw, 300px\" \/>\t\t\t\t\t<\/div>\n\t\t\t\t<\/div>\n\t\t\t<\/div>\n\t\t\t\t<div class=\"icon-box-text last-reset\">\n\t\t\t\t\t\t\t\t\t\n\n<h3>Usluge konsaltinga<\/h3>\n<p>Usluge savetovanja uklju\u010duju razvoj projekta, nabavku, obradu i prezentaciju informacija dobijenih od javnih i privatnih institucija, posredovanje.<\/p>\n<ul>\n<li>Logistika<\/li>\n<li>Lokalni propisi o lekovima i medicinskim ure\u0111ajima,<\/li>\n<li>Lokalni propisi o upravljanju otpadom<\/li>\n<li>Drugi lokalni propisi koji mogu uticati na tok CT-a<\/li>\n<li>Uskla\u0111ivanje SOP-ova CRO-a i sponzora sa lokalnim propisima i smernicama &#8211; GMP Prilog 13, GCP, GDP i GSP (predlozi, izmene, upravljanje rizikom, plan oporavka)<\/li>\n<li>Poslovanje spoljne trgovine<\/li>\n<li>Priprema dokumentacije za uvoz i izvoz<\/li>\n<li>Dobijanje razli\u010ditih vrsta dozvola za uvoz i izvoz<\/li>\n<li>Potpune informacije o projektu putem iscrpnih preseka<\/li>\n<li>Organizacija VC i TC sa stru\u010dnim saradnicima i pru\u017eaocima usluga<\/li>\n<\/ul>\n\n\t\t<\/div>\n\t<\/div>\n\t\n\t\n\n\t\t<\/div>\n\t\t\t\t\t<\/div>\n\n\t\n\n\t<div id=\"col-342342338\" class=\"col medium-6 small-12 large-6\"  >\n\t\t\t\t<div class=\"col-inner\"  >\n\t\t\t\n\t\t\t\n\n\n\t\t<div class=\"icon-box featured-box icon-box-top text-left\"  >\n\t\t\t\t\t<div class=\"icon-box-img\" style=\"width: 60px\">\n\t\t\t\t<div class=\"icon\">\n\t\t\t\t\t<div class=\"icon-inner\" >\n\t\t\t\t\t\t<img loading=\"lazy\" decoding=\"async\" width=\"300\" height=\"300\" src=\"https:\/\/stim.rs\/srb\/wp-content\/uploads\/2023\/09\/warehouse-300x300.png\" class=\"attachment-medium size-medium\" alt=\"\" srcset=\"https:\/\/stim.rs\/srb\/wp-content\/uploads\/2023\/09\/warehouse-300x300.png 300w, https:\/\/stim.rs\/srb\/wp-content\/uploads\/2023\/09\/warehouse-150x150.png 150w, https:\/\/stim.rs\/srb\/wp-content\/uploads\/2023\/09\/warehouse.png 512w\" sizes=\"auto, (max-width: 300px) 100vw, 300px\" \/>\t\t\t\t\t<\/div>\n\t\t\t\t<\/div>\n\t\t\t<\/div>\n\t\t\t\t<div class=\"icon-box-text last-reset\">\n\t\t\t\t\t\t\t\t\t\n\n<h3>Usluge skladi\u0161tenja<\/h3>\n<p>Posedujemo skladi\u0161te koje je obezbe\u0111eno video nadzorom, alarmom, PP za\u0161titom, kontrolom protiv insekata i glodara, obezbe\u0111enjem prozora i blindiranim vratima, sa ograni\u010denim pristupom neovla\u0161c\u0301enim licima. Skladi\u0161te je validirano i ispunjava sve uslove po zakonu i smernicama GDP i GSP. Monitoring temperature je automatski sa povratnom informacijom u slu\u010daju devijacija, a temperaturni zapisi su dostupni preko godinu dana unazad. Imamo i dve hladne komore za skladi\u0161tenje termolabilnih preparata, kao i sef za skladi\u0161tenje psihoaktivnih supstanci. Sva merna i logisti\u010dka operativna oprema koju imamo standardizovana je i validirana, i redovno se etalonira i proverava o \u010demu postoje uverenja akreditovane laboratorije.<\/p>\n<ul>\n<li>Prijem po\u0161iljki (kvalitativna\/kvantitativna kontrola)<\/li>\n<li>Skladi\u0161tenje proizvoda u hladnom lancu (od 2 \u00b0C do 8 \u00b0C)<\/li>\n<li>Skladi\u0161tenje proizvoda u ambijentalnim uslovima (od 15 \u00b0C do 25 \u00b0C)<\/li>\n<li>Usluge razdvajanja, pakovanja i pripreme po\u0161iljki prema zahtevu<\/li>\n<li>Upravljanje inventarom, lista statusa proizvoda prema istra\u017eivanjima<\/li>\n<li>Prijem povrata sa lokacija \u2013 kvalitativna i kvantitativna kontrola i vo\u0111enje evidencije vra\u0107enih lekova, opreme i drugog materijala sa lokacija<\/li>\n<li>Usluge ozna\u010davanja za lekove, medicinske ure\u0111aje i druge proizvode (ukoliko se zahteva)<\/li>\n<\/ul>\n\n\t\t<\/div>\n\t<\/div>\n\t\n\t\n\n\t\t<\/div>\n\t\t\t\t\t<\/div>\n\n\t\n\n<\/div>\n\n","protected":false},"excerpt":{"rendered":"","protected":false},"author":1,"featured_media":0,"parent":0,"menu_order":0,"comment_status":"closed","ping_status":"closed","template":"","meta":{"footnotes":""},"class_list":["post-46","page","type-page","status-publish","hentry"],"_links":{"self":[{"href":"https:\/\/stim.rs\/srb\/index.php?rest_route=\/wp\/v2\/pages\/46","targetHints":{"allow":["GET"]}}],"collection":[{"href":"https:\/\/stim.rs\/srb\/index.php?rest_route=\/wp\/v2\/pages"}],"about":[{"href":"https:\/\/stim.rs\/srb\/index.php?rest_route=\/wp\/v2\/types\/page"}],"author":[{"embeddable":true,"href":"https:\/\/stim.rs\/srb\/index.php?rest_route=\/wp\/v2\/users\/1"}],"replies":[{"embeddable":true,"href":"https:\/\/stim.rs\/srb\/index.php?rest_route=%2Fwp%2Fv2%2Fcomments&post=46"}],"version-history":[{"count":8,"href":"https:\/\/stim.rs\/srb\/index.php?rest_route=\/wp\/v2\/pages\/46\/revisions"}],"predecessor-version":[{"id":108,"href":"https:\/\/stim.rs\/srb\/index.php?rest_route=\/wp\/v2\/pages\/46\/revisions\/108"}],"wp:attachment":[{"href":"https:\/\/stim.rs\/srb\/index.php?rest_route=%2Fwp%2Fv2%2Fmedia&parent=46"}],"curies":[{"name":"wp","href":"https:\/\/api.w.org\/{rel}","templated":true}]}}